. Let d be n/10*(-75)/(-3). Calculate the highest common factor of d and 150.
30
Let f = 92 - 12. Suppose -42 = 5*y + 28. Let p = y - -30. Calculate the highest common divisor of f and p.
16
Let s(i) = -134*i**3 + i**2 + i - 1. Let p be s(-1). Let l = 39 - 20. Calculate the highest common divisor of p and l.
19
Suppose -9 = 9*v - 6*v. Let y be (0 - -1)*v - -87. Calculate the highest common divisor of y and 12.
12
Let i(p) = -15*p - 79. Let u be i(-9). Calculate the greatest common factor of 42 and u.
14
Suppose 13*b = 4*b - 90. Let y(h) = -8*h - 64. Let o be y(b). Calculate the highest common divisor of 96 and o.
16
Let t be (-7)/(-2) - 80/32. Let g be -4 + t + (0 - -7). What is the highest common divisor of g and 44?
4
Let h be 3 + -1 - (5 + -35). Let t = -31 + h. Calculate the greatest common divisor of t and 1.
1
Let v(t) = -t**3 - 6*t**2 + 6*t + 8. Let w be v(-8). What is the greatest common factor of 22 and w?
22
Let w = 177 + 83. Suppose -v = 2*r - 52, 7*v - 4*r = 2*v + w. Calculate the greatest common factor of 13 and v.
13
Suppose -2*y + 92 = -m - m, -y = 5*m + 242. Let a be (-800)/m + (-4)/6. Let j be 1581/12 + 4/a. Calculate the greatest common divisor of 12 and j.
12
Suppose -4*k - 848 = 2*x - 6*x, 856 = 4*x - 2*k. What is the greatest common divisor of x and 56?
8
Let g = 91 + -97. Let u be (-22)/g - 0 - 6/9. What is the greatest common divisor of 27 and u?
3
Suppose 4*r - 20 = -7*o + 3*o, 2*r - 12 = -3*o. Calculate the greatest common factor of r and 5.
1
Let k be 2/(-2)*(2 - (6 + -3)). What is the highest common factor of 71 and k?
1
Let c = -473 - -766. Let n = -181 + c. Calculate the highest common divisor of 28 and n.
28
Suppose -3*s = 4*s. Suppose -2*d + 0*d = 0, s = -a - 3*d + 13. Calculate the greatest common factor of a and 221.
13
Let p be ((-8)/(-12))/(4/42). What is the highest common factor of 217 and p?
7
Let v(a) = -a**3 - 3*a**2 - 3*a + 2. Let t(d) = -d**2 + 4*d - 6. Let s be t(4). Let c be v(s). Let r = -44 + 60. What is the greatest common divisor of c and r?
16
Let i be (9 - 4) + 184/46. Calculate the greatest common divisor of i and 621.
9
Let b = 610 - 595. Calculate the highest common factor of 30 and b.
15
Let s be ((-288)/(-5))/(1/5). Let t(c) = -175*c + 561. Let x be t(3). Calculate the highest common factor of x and s.
36
Suppose 21*d = 1609 + 1037. Let c = -25 - -43. What is the highest common divisor of c and d?
18
Suppose -5*w + 175 = -3*s + 1, 0 = -2*w + s + 70. Calculate the greatest common divisor of 1332 and w.
36
Let s = -75 + 50. Let r be ((-1340)/s - 4) + 6/(-10). What is the highest common factor of r and 7?
7
Let c(o) = -2*o + 4. Let d(t) = -4*t + 9. Let h(k) = -7*c(k) + 3*d(k). Let m be h(2). Suppose 173 = m*z + 47. What is the highest common divisor of 63 and z?
21
Let j be 2 - 2 - 2 - -4. Let u = 42 - 35. Suppose 72 = 5*l - 4*c, -4*l = -u*l - j*c + 52. What is the highest common divisor of l and 96?
16
Let d = 60 + -33. Suppose -20*c + 1584 = -9*c. Suppose 13*i - c = -3*i. What is the highest common factor of i and d?
9
Let n = -62 + 66. Suppose 3*p + 2*p - 244 = n*b, -160 = -3*p - b. What is the highest common divisor of 130 and p?
26
Suppose -5*v + b + 832 = -2*b, 0 = -4*v - 2*b + 648. Suppose -15 = -5*c, c + 733 = 4*w - v. Calculate the highest common factor of 45 and w.
45
Let u = -1024 + 1134. Calculate the highest common divisor of u and 814.
22
Let b = -27 + 56. Suppose 406 = m + m. What is the highest common factor of b and m?
29
Let c be (0 - 3)/((-2)/34). Let t be 167 + 1 + (-16 - -18). Suppose -3*b = 2*b - t. What is the greatest common divisor of b and c?
17
Let d be (-144)/(-3)*(4 + (-21)/6). Let z(u) = u**2 - u. Let o be (16/(-10))/(-2)*5. Let h be z(o). What is the highest common factor of h and d?
12
Let q(k) be the second derivative of -4*k**3/3 - 5*k**2 + 34*k. Let l be q(-5). Calculate the greatest common divisor of 12 and l.
6
Let l = 2877 - 2851. Suppose -104 = -2*r + 40. Suppose -4*a + 188 + r = 5*o, -5*o + a = -260. What is the highest common divisor of l and o?
26
Let h be -1 + 10 - (-294)/42. What is the greatest common divisor of 2 and h?
2
Suppose 7*a = -58 + 2. Let b(j) = -13*j - 27. Let c be b(a). Suppose 21 + 0 = 3*s. Calculate the greatest common factor of c and s.
7
Suppose -4*k - 30 = 4*m - 114, 3*k + 4*m - 65 = 0. Suppose -16*s + k*s - 168 = 0. What is the greatest common divisor of 28 and s?
28
Let p(g) = 7*g**2 - 16*g - 78. Let z be p(-4). Calculate the highest common factor of 42 and z.
14
Let j(o) = -104*o - 162. Let h be j(-2). What is the greatest common divisor of 1173 and h?
23
Let f be 2985/40 + 4 + (-29)/8. Suppose 2*j + j + g = f, 75 = 3*j + 2*g. What is the greatest common factor of j and 25?
25
Let a be (-5)/((-6 - -10) + -5). Let p = 8 - 28. Let h be (-6)/(-4)*p/(-6). Calculate the greatest common divisor of h and a.
5
Suppose x = -4*x + 400. Suppose 2*b - 20 = -f, -f - f + 40 = b. What is the highest common factor of f and x?
20
Let v be (-25)/4 - (-4)/16. Let m(d) = d + 7. Let r be m(v). Let z be -1*(64/(-4) + r). Calculate the greatest common factor of z and 30.
15
Let r be (-36)/30*10/(-3). Let v be (3/r)/(1/4). Let i = 5 - v. Calculate the highest common factor of i and 4.
2
Suppose 0*h = 2*h, 4*y + h = -20. Let c be (6/y)/(7/(-245)). What is the greatest common factor of c and 42?
42
Suppose -4*a = -z + 3*z + 6, 0 = -a + 5*z + 4. Let b be (-2002)/(-21) + a/3. Calculate the highest common factor of 38 and b.
19
Let a(r) = r**3 - 3*r**2 - 9*r + 7. Let c be a(6). Let m = c + -50. What is the highest common factor of m and 99?
11
Suppose 4*f - 84 = -2*h - 3*h, 3*f - 36 = 3*h. Suppose -27*i = -14*i - 416. What is the highest common divisor of f and i?
16
Let n(m) = -4 + 3*m**2 - 2*m - 4*m - 10*m**2 + 6*m**2. Let v be n(-5). Calculate the highest common factor of v and 7.
1
Suppose -3*q = -3*z + q + 2, -4*q = -5*z + 14. Suppose -g + 3*k + 60 = 6, 0 = -5*g - k + 206. What is the greatest common divisor of z and g?
6
Let o = 67 - 63. Suppose 2*f - f - 5 = o*k, 4*k + 15 = 3*f. Calculate the highest common divisor of f and 25.
5
Suppose -19*o + 18*o + 24 = 0. Calculate the highest common divisor of o and 24.
24
Let k be 14 + -6 - (-8)/2. What is the greatest common divisor of k and 18?
6
Suppose 79*c - 114*c = -1120. What is the greatest common factor of 216 and c?
8
Suppose 4*h = 122 - 30. Let i(l) = -25*l + 3*l + 4*l - 14 + 3*l + 3*l**2. Let p be i(11). Calculate the highest common factor of h and p.
23
Suppose -4*d + 70 = d. Suppose w + 18 = -5*b, -w + 5*b - d = 4. Let x be w/27 + (-69)/(-9). Calculate the greatest common divisor of 63 and x.
7
Let q(o) = 4*o**3 + 27*o**2 - 7*o + 8. Let y be q(-7). What is the greatest common factor of 856 and y?
8
Let h(x) = 5*x**2 - 2*x + 8. Let s be (-4)/(2*2/(-6)). Let z be h(s). Let k be (6 + -28)*3/(-3). What is the highest common divisor of k and z?
22
Suppose 6*j - 3*j + 472 = 5*c, -440 = -5*c - 5*j. Suppose 27 = -5*s + c. What is the highest common factor of 143 and s?
13
Let r be (-4 - -13 - 11)*(-130)/4. Calculate the greatest common divisor of r and 78.
13
Let h = -3459 + 5277. What is the highest common divisor of h and 36?
18
Suppose 3*x - 90 = -2*x. Suppose -4*s = 12, 0 = -5*g + 3*s - s + 36. What is the highest common factor of x and g?
6
Suppose -7*r = -6*r - 2. Suppose 5*g - r*g - 75 = 0. Let j = 36 - 26. What is the highest common divisor of g and j?
5
Let g be (-126)/(-28) - (-2)/(-4). Suppose 5*l + 100 = g*d, -l - 104 + 18 = -3*d. What is the highest common factor of 330 and d?
30
Suppose 640 = -8*d + 13*d. Let b(r) = -4*r + 4. Let z be b(-3). Calculate the greatest common divisor of z and d.
16
Let y(w) = 3*w**2 + 9*w + 2. Let r be y(-2). Let b be (r + 1)/(15/(-70)). Calculate the highest common divisor of 154 and b.
14
Suppose 4*w - 184 = -2*o, w + 4*w + 20 = 0. Suppose 5*b - 243 = 3*l, -2*b - 4*l - o = -4*b. What is the highest common divisor of b and 192?
48
Suppose 195 = -4*a - a. Let f = a - -53. What is the highest common factor of f and 84?
14
Let k = 22 - 7. Let s = 55 - k. What is the highest common divisor of s and 20?
20
Suppose 17*j - 24 = 44. What is the highest common factor of j and 50?
2
Let p(x) = 3*x**3 + 176*x**2 - 65*x - 94. Let l be p(-59). What is the greatest com